{"id":2920,"date":"2026-01-05T11:31:20","date_gmt":"2026-01-05T10:31:20","guid":{"rendered":"https:\/\/dp-plomb.fr\/?post_type=product&#038;p=2920"},"modified":"2026-04-03T04:11:42","modified_gmt":"2026-04-03T02:11:42","slug":"rod-pod-dayko","status":"publish","type":"product","link":"https:\/\/dp-plomb.fr\/?product=rod-pod-dayko","title":{"rendered":"Rodpod &#8211; DAYKO"},"content":{"rendered":"<p><img fetchpriority=\"high\" decoding=\"async\" class=\"alignnone size-medium wp-image-2925\" src=\"https:\/\/dp-plomb.fr\/wp-content\/uploads\/2026\/01\/20251220_17553211-300x206.jpg\" alt=\"\" width=\"300\" height=\"206\" srcset=\"https:\/\/dp-plomb.fr\/wp-content\/uploads\/2026\/01\/20251220_17553211-300x206.jpg 300w, https:\/\/dp-plomb.fr\/wp-content\/uploads\/2026\/01\/20251220_17553211-1024x702.jpg 1024w, https:\/\/dp-plomb.fr\/wp-content\/uploads\/2026\/01\/20251220_17553211-768x526.jpg 768w, https:\/\/dp-plomb.fr\/wp-content\/uploads\/2026\/01\/20251220_17553211-1536x1053.jpg 1536w, https:\/\/dp-plomb.fr\/wp-content\/uploads\/2026\/01\/20251220_17553211-2048x1404.jpg 2048w, https:\/\/dp-plomb.fr\/wp-content\/uploads\/2026\/01\/20251220_17553211-600x411.jpg 600w\" sizes=\"(max-width: 300px) 100vw, 300px\" \/> <img decoding=\"async\" class=\"alignnone size-medium wp-image-2924\" src=\"https:\/\/dp-plomb.fr\/wp-content\/uploads\/2026\/01\/20251220_1757581-300x296.jpg\" alt=\"\" width=\"300\" height=\"296\" srcset=\"https:\/\/dp-plomb.fr\/wp-content\/uploads\/2026\/01\/20251220_1757581-300x296.jpg 300w, https:\/\/dp-plomb.fr\/wp-content\/uploads\/2026\/01\/20251220_1757581-1024x1010.jpg 1024w, https:\/\/dp-plomb.fr\/wp-content\/uploads\/2026\/01\/20251220_1757581-768x757.jpg 768w, https:\/\/dp-plomb.fr\/wp-content\/uploads\/2026\/01\/20251220_1757581-70x70.jpg 70w, https:\/\/dp-plomb.fr\/wp-content\/uploads\/2026\/01\/20251220_1757581-1536x1514.jpg 1536w, https:\/\/dp-plomb.fr\/wp-content\/uploads\/2026\/01\/20251220_1757581-2048x2019.jpg 2048w, https:\/\/dp-plomb.fr\/wp-content\/uploads\/2026\/01\/20251220_1757581-600x592.jpg 600w, https:\/\/dp-plomb.fr\/wp-content\/uploads\/2026\/01\/20251220_1757581-100x100.jpg 100w\" sizes=\"(max-width: 300px) 100vw, 300px\" \/> <img decoding=\"async\" class=\"alignnone size-medium wp-image-2923\" src=\"https:\/\/dp-plomb.fr\/wp-content\/uploads\/2026\/01\/20251220_1757141-300x248.jpg\" alt=\"\" width=\"300\" height=\"248\" srcset=\"https:\/\/dp-plomb.fr\/wp-content\/uploads\/2026\/01\/20251220_1757141-300x248.jpg 300w, https:\/\/dp-plomb.fr\/wp-content\/uploads\/2026\/01\/20251220_1757141-1024x847.jpg 1024w, https:\/\/dp-plomb.fr\/wp-content\/uploads\/2026\/01\/20251220_1757141-768x635.jpg 768w, https:\/\/dp-plomb.fr\/wp-content\/uploads\/2026\/01\/20251220_1757141-1536x1271.jpg 1536w, https:\/\/dp-plomb.fr\/wp-content\/uploads\/2026\/01\/20251220_1757141-2048x1694.jpg 2048w, https:\/\/dp-plomb.fr\/wp-content\/uploads\/2026\/01\/20251220_1757141-600x496.jpg 600w\" sizes=\"(max-width: 300px) 100vw, 300px\" \/> <img loading=\"lazy\" decoding=\"async\" class=\"alignnone size-medium wp-image-2922\" src=\"https:\/\/dp-plomb.fr\/wp-content\/uploads\/2026\/01\/20251220_17553211-1-300x206.jpg\" alt=\"\" width=\"300\" height=\"206\" srcset=\"https:\/\/dp-plomb.fr\/wp-content\/uploads\/2026\/01\/20251220_17553211-1-300x206.jpg 300w, https:\/\/dp-plomb.fr\/wp-content\/uploads\/2026\/01\/20251220_17553211-1-1024x702.jpg 1024w, https:\/\/dp-plomb.fr\/wp-content\/uploads\/2026\/01\/20251220_17553211-1-768x526.jpg 768w, https:\/\/dp-plomb.fr\/wp-content\/uploads\/2026\/01\/20251220_17553211-1-1536x1053.jpg 1536w, https:\/\/dp-plomb.fr\/wp-content\/uploads\/2026\/01\/20251220_17553211-1-2048x1404.jpg 2048w, https:\/\/dp-plomb.fr\/wp-content\/uploads\/2026\/01\/20251220_17553211-1-600x411.jpg 600w\" sizes=\"(max-width: 300px) 100vw, 300px\" \/> <img loading=\"lazy\" decoding=\"async\" class=\"alignnone size-medium wp-image-2921\" src=\"https:\/\/dp-plomb.fr\/wp-content\/uploads\/2026\/01\/20251220_1753521-300x275.jpg\" alt=\"\" width=\"300\" height=\"275\" srcset=\"https:\/\/dp-plomb.fr\/wp-content\/uploads\/2026\/01\/20251220_1753521-300x275.jpg 300w, https:\/\/dp-plomb.fr\/wp-content\/uploads\/2026\/01\/20251220_1753521-1024x937.jpg 1024w, https:\/\/dp-plomb.fr\/wp-content\/uploads\/2026\/01\/20251220_1753521-768x703.jpg 768w, https:\/\/dp-plomb.fr\/wp-content\/uploads\/2026\/01\/20251220_1753521-1536x1405.jpg 1536w, https:\/\/dp-plomb.fr\/wp-content\/uploads\/2026\/01\/20251220_1753521-2048x1874.jpg 2048w, https:\/\/dp-plomb.fr\/wp-content\/uploads\/2026\/01\/20251220_1753521-600x549.jpg 600w\" sizes=\"(max-width: 300px) 100vw, 300px\" \/><\/p>\n","protected":false},"excerpt":{"rendered":"<h3 data-start=\"171\" data-end=\"231\">Rodpods Dayko \u2013 Fabrication Italienne &amp; Finition Premium<\/h3>\n<p data-start=\"233\" data-end=\"561\">Les rodpods Dayko, enti\u00e8rement fabriqu\u00e9s en Italie, sont con\u00e7us pour les carpistes exigeants \u00e0 la recherche d\u2019un mat\u00e9riel fiable, stable et durable. Leur structure robuste et leurs r\u00e9glages pr\u00e9cis offrent une parfaite tenue des cannes, m\u00eame sur terrains irr\u00e9guliers, tout en conservant une ligne \u00e9l\u00e9gante et moderne.<\/p>\n<p data-start=\"563\" data-end=\"741\">Pens\u00e9s pour allier performance et style, les rodpods Dayko sont disponibles en plusieurs coloris pour s\u2019adapter \u00e0 toutes les pr\u00e9f\u00e9rences : violet, bleu, orange, vert et noir.<\/p>\n<p data-start=\"743\" data-end=\"858\">Un rodpod haut de gamme, au design soign\u00e9, qui refl\u00e8te le savoir-faire italien jusque dans les moindres d\u00e9tails.<\/p>\n","protected":false},"featured_media":2924,"comment_status":"open","ping_status":"closed","template":"","meta":[],"product_brand":[],"product_cat":[48],"product_tag":[],"class_list":{"0":"post-2920","1":"product","2":"type-product","3":"status-publish","4":"has-post-thumbnail","6":"product_cat-rodpod","8":"first","9":"instock","10":"featured","11":"taxable","12":"shipping-taxable","13":"purchasable","14":"product-type-variable"},"jetpack_sharing_enabled":true,"_links":{"self":[{"href":"https:\/\/dp-plomb.fr\/index.php?rest_route=\/wp\/v2\/product\/2920","targetHints":{"allow":["GET"]}}],"collection":[{"href":"https:\/\/dp-plomb.fr\/index.php?rest_route=\/wp\/v2\/product"}],"about":[{"href":"https:\/\/dp-plomb.fr\/index.php?rest_route=\/wp\/v2\/types\/product"}],"replies":[{"embeddable":true,"href":"https:\/\/dp-plomb.fr\/index.php?rest_route=%2Fwp%2Fv2%2Fcomments&post=2920"}],"wp:featuredmedia":[{"embeddable":true,"href":"https:\/\/dp-plomb.fr\/index.php?rest_route=\/wp\/v2\/media\/2924"}],"wp:attachment":[{"href":"https:\/\/dp-plomb.fr\/index.php?rest_route=%2Fwp%2Fv2%2Fmedia&parent=2920"}],"wp:term":[{"taxonomy":"product_brand","embeddable":true,"href":"https:\/\/dp-plomb.fr\/index.php?rest_route=%2Fwp%2Fv2%2Fproduct_brand&post=2920"},{"taxonomy":"product_cat","embeddable":true,"href":"https:\/\/dp-plomb.fr\/index.php?rest_route=%2Fwp%2Fv2%2Fproduct_cat&post=2920"},{"taxonomy":"product_tag","embeddable":true,"href":"https:\/\/dp-plomb.fr\/index.php?rest_route=%2Fwp%2Fv2%2Fproduct_tag&post=2920"}],"curies":[{"name":"wp","href":"https:\/\/api.w.org\/{rel}","templated":true}]}}